 when 421523 is divided by 24?
11
Calculate the remainder when 6427 is divided by 580.
47
Calculate the remainder when 1105 is divided by 1083.
22
Calculate the remainder when 275 is divided by 176.
99
Calculate the remainder when 44570 is divided by 60.
50
What is the remainder when 1601 is divided by 379?
85
What is the remainder when 30073 is divided by 338?
329
What is the remainder when 10284 is divided by 157?
79
Calculate the remainder when 30894 is divided by 10277.
63
Calculate the remainder when 166236 is divided by 40.
36
What is the remainder when 46978 is divided by 2?
0
Calculate the remainder when 512770 is divided by 988.
986
Calculate the remainder when 478164 is divided by 79692.
12
Calculate the remainder when 7723 is divided by 556.
495
What is the remainder when 128 is divided by 62?
4
What is the remainder when 9098 is divided by 202?
8
What is the remainder when 149623 is divided by 79?
76
Calculate the remainder when 212035 is divided by 22.
21
What is the remainder when 23219 is divided by 170?
99
Calculate the remainder when 308488 is divided by 154240.
8
What is the remainder when 27583 is divided by 86?
63
What is the remainder when 496 is divided by 441?
55
Calculate the remainder when 39198 is divided by 1226.
1192
Calculate the remainder when 6217307 is divided by 638.
635
What is the remainder when 2904 is divided by 617?
436
Calculate the remainder when 157354 is divided by 40.
34
Calculate the remainder when 1409 is divided by 1.
0
Calculate the remainder when 6006 is divided by 99.
66
What is the remainder when 8386 is divided by 2788?
22
What is the remainder when 167687 is divided by 1048?
7
Calculate the remainder when 2972 is divided by 150.
122
Calculate the remainder when 166280 is divided by 124.
120
What is the remainder when 163166 is divided by 114?
32
Calculate the remainder when 440818 is divided by 558.
556
Calculate the remainder when 5069 is divided by 2534.
1
Calculate the remainder when 1176 is divided by 493.
190
Calculate the remainder when 45314 is divided by 23.
4
Calculate the remainder when 1017 is divided by 130.
107
Calculate the remainder when 214136 is divided by 1610.
6
Calculate the remainder when 20642 is divided by 62.
58
What is the remainder when 6406 is divided by 300?
106
Calculate the remainder when 27689 is divided by 865.
9
What is the remainder when 645 is divided by 504?
141
What is the remainder when 3573 is divided by 65?
63
What is the remainder when 13629 is divided by 2725?
4
What is the remainder when 49692 is divided by 6?
0
Calculate the remainder when 9802 is divided by 142.
4
What is the remainder when 145412 is divided by 252?
8
Calculate the remainder when 123235 is divided by 491.
485
What is the remainder when 20105 is divided by 3297?
323
What is the remainder when 73883 is divided by 14773?
18
Calculate the remainder when 83684 is divided by 5.
4
Calculate the remainder when 3373 is divided by 1083.
124
Calculate the remainder when 1802 is divided by 1549.
253
Calculate the remainder when 8900 is divided by 471.
422
What is the remainder when 4132266 is divided by 31?
28
What is the remainder when 5912886 is divided by 8?
6
Calculate the remainder when 37483 is divided by 286.
17
What is the remainder when 1604565 is divided by 21?
18
Calculate the remainder when 56797 is divided by 142.
139
Calculate the remainder when 2410 is divided by 65.
5
Calculate the remainder when 1417749 is divided by 14.
11
What is the remainder when 265775 is divided by 12?
11
What is the remainder when 1486579 is divided by 311?
310
What is the remainder when 3943 is divided by 254?
133
Calculate the remainder when 22072 is divided by 9.
4
Calculate the remainder when 3753 is divided by 1126.
375
Calculate the remainder when 72310 is divided by 5165.
0
Calculate the remainder when 10263 is divided by 931.
22
Calculate the remainder when 46962 is divided by 140.
62
Calculate the remainder when 31312 is divided by 307.
305
What is the remainder when 7959793 is divided by 23?
22
What is the remainder when 145849 is divided by 28?
25
What is the remainder when 1168 is divided by 40?
8
Calculate the remainder when 81474 is divided by 40.
34
Calculate the remainder when 15011 is divided by 997.
56
Calculate the remainder when 76784 is divided by 36.
32
What is the remainder when 6296 is divided by 1101?
791
Calculate the remainder when 198244 is divided by 35.
4
Calculate the remainder when 1850 is divided by 872.
106
What is the remainder when 868 is divided by 521?
347
What is the remainder when 532699 is divided by 175?
174
What is the remainder when 2412 is divided by 131?
54
Calculate the remainder when 1943024 is divided by 85.
9
What is the remainder when 7999 is divided by 102?
43
What is the remainder when 9675 is divided by 358?
9
Calculate the remainder when 2517 is divided by 720.
357
Calculate the remainder when 11366 is divided by 220.
146
What is the remainder when 58047 is divided by 90?
87
Calculate the remainder when 35982 is divided by 11994.
0
Calculate the remainder when 318934 is divided by 69.
16
What is the remainder when 3431 is divided by 1707?
17
Calculate the remainder when 14963 is divided by 214.
197
What is the remainder when 274555 is divided by 65?
60
What is the remainder when 91184 is divided by 240?
224
What is the remainder when 13839 is divided by 61?
53
What is the remainder when 120432 is divided by 26?
0
Calculate the remainder when 23280 is divided by 5805.
60
Calculate the remainder when 72671 is divided by 12109.
17
What is the remainder when 20901 is divided by 5223?
9
Calculate the remainder when 2695 is divided by 169.
160
What is the remainder when 11526 is divided by 107?
77
What is the remainder when 17767 is divided by 32?
7
Calculate the remainder when 119726 is divided by 477.
476
Calculate the remainder when 3576 is divided by 99.
12
Calculate the remainder when 1137013 is divided by 658.
647
Calculate the remainder when 7417 is divided by 190.
7
Calculate the remainder when 523 is divided by 390.
133
What is the remainder when 50533 is divided by 1203?
7
Calculate the remainder when 122553 is divided by 99.
90
Calculate the remainder when 12191 is divided by 508.
507
Calculate the remainder when 5298 is divided by 180.
78
What is the remainder when 130982 is divided by 1323?
5
What is the remainder when 1456 is divided by 130?
26
Calculate the remainder when 7108 is divided by 89.
77
Calculate the remainder when 410067 is divided by 349.
341
Calculate the remainder when 137339 is divided by 9.
8
Calculate the remainder when 2914 is divided by 41.
3
Calculate the remainder when 16010 is divided by 7995.
20
What is the remainder when 15704 is divided by 680?
64
What is the remainder when 8286 is divided by 1140?
306
Calculate the remainder when 129626 is divided by 1054.
1038
What is the remainder when 110525 is divided by 109?
108
Calculate the remainder when 7936 is divided by 18.
16
Calculate the remainder when 29713 is divided by 168.
145
What is the remainder when 7360 is divided by 87?
52
Calculate the remainder when 277077 is divided by 138531.
15
Calculate the remainder when 57236 is divided by 28601.
34
Calculate the remainder when 1726 is divided by 332.
66
Calculate the remainder when 91766 is divided by 19.
15
Calculate the remainder when 67620 is divided by 13522.
10
Calculate the remainder when 7253 is divided by 18.
17
Calculate the remainder when 134090 is divided by 10.
0
Calculate the remainder when 2868 is divided by 17.
12
What is the remainder when 179457 is divided by 30?
27
What is the remainder when 563167 is divided by 140790?
7
Calculate the remainder when 1132 is divided by 52.
40
Calculate the remainder when 74866 is divided by 4.
2
What is the remainder when 157636 is divided by 906?
898
What is the remainder when 79178 is divided by 135?
68
What is the remainder when 390462 is divided by 66?
6
Calculate the remainder when 19559 is divided by 652.
651
Calculate the remainder when 1384 is divided by 347.
343
Calculate the remainder when 6191 is divided by 689.
679
What is the remainder when 331 is divided by 119?
93
What is the remainder when 55126 is divided by 8?
6
What is the remainder when 47